ns digit of 580?
8
What is the tens digit of 23389?
8
What is the tens digit of 120907?
0
What is the units digit of 1239?
9
What is the thousands digit of 9798?
9
What is the thousands digit of 1269?
1
What is the units digit of 6747?
7
What is the units digit of 26462?
2
What is the units digit of 279?
9
What is the thousands digit of 9267?
9
What is the tens digit of 1541?
4
What is the tens digit of 44351?
5
What is the units digit of 1518?
8
What is the thousands digit of 12108?
2
What is the thousands digit of 106863?
6
What is the thousands digit of 1145?
1
What is the hundreds digit of 21842?
8
What is the thousands digit of 3152?
3
What is the tens digit of 86132?
3
What is the hundreds digit of 2755?
7
What is the hundreds digit of 1146?
1
What is the ten thousands digit of 19487?
1
What is the tens digit of 5467?
6
What is the ten thousands digit of 36467?
3
What is the hundreds digit of 1153?
1
What is the hundreds digit of 6849?
8
What is the units digit of 35934?
4
What is the tens digit of 4303?
0
What is the units digit of 491?
1
What is the hundreds digit of 10806?
8
What is the units digit of 3607?
7
What is the hundreds digit of 5879?
8
What is the units digit of 1876?
6
What is the hundreds digit of 665?
6
What is the hundreds digit of 1691?
6
What is the thousands digit of 1044?
1
What is the units digit of 652?
2
What is the hundreds digit of 64799?
7
What is the thousands digit of 2791?
2
What is the tens digit of 218?
1
What is the tens digit of 140?
4
What is the units digit of 4589?
9
What is the hundreds digit of 7719?
7
What is the hundreds digit of 4987?
9
What is the units digit of 5575?
5
What is the hundreds digit of 7809?
8
What is the thousands digit of 23805?
3
What is the hundreds digit of 5760?
7
What is the tens digit of 4609?
0
What is the thousands digit of 5251?
5
What is the thousands digit of 3229?
3
What is the hundreds digit of 58419?
4
What is the units digit of 648?
8
What is the hundred thousands digit of 116560?
1
What is the hundreds digit of 1211?
2
What is the units digit of 10960?
0
What is the units digit of 1398?
8
What is the thousands digit of 1468?
1
What is the thousands digit of 4539?
4
What is the thousands digit of 89482?
9
What is the tens digit of 20176?
7
What is the tens digit of 412?
1
What is the tens digit of 34562?
6
What is the units digit of 3144?
4
What is the ten thousands digit of 33936?
3
What is the units digit of 672?
2
What is the units digit of 14159?
9
What is the hundreds digit of 4460?
4
What is the hundreds digit of 30475?
4
What is the ten thousands digit of 148015?
4
What is the tens digit of 1994?
9
What is the hundreds digit of 36072?
0
What is the tens digit of 1627?
2
What is the units digit of 58566?
6
What is the hundreds digit of 27158?
1
What is the units digit of 1214?
4
What is the tens digit of 9630?
3
What is the units digit of 3139?
9
What is the ten thousands digit of 13512?
1
What is the tens digit of 678?
7
What is the thousands digit of 8307?
8
What is the ten thousands digit of 29314?
2
What is the tens digit of 91?
9
What is the units digit of 7496?
6
What is the hundreds digit of 231?
2
What is the thousands digit of 63812?
3
What is the thousands digit of 2664?
2
What is the tens digit of 571?
7
What is the tens digit of 965?
6
What is the thousands digit of 56781?
6
What is the units digit of 38222?
2
What is the tens digit of 4452?
5
What is the hundreds digit of 1625?
6
What is the units digit of 20788?
8
What is the hundred thousands digit of 101212?
1
What is the tens digit of 127565?
6
What is the hundreds digit of 1259?
2
What is the hundreds digit of 51010?
0
What is the ten thousands digit of 38905?
3
What is the tens digit of 6065?
6
What is the units digit of 8530?
0
What is the units digit of 6524?
4
What is the tens digit of 13428?
2
What is the tens digit of 5799?
9
What is the units digit of 297?
7
What is the units digit of 50697?
7
What is the tens digit of 11135?
3
What is the tens digit of 1240?
4
What is the ten thousands digit of 12129?
1
What is the units digit of 8763?
3
What is the thousands digit of 5140?
5
What is the tens digit of 3315?
1
What is the units digit of 465?
5
What is the thousands digit of 94821?
4
What is the units digit of 1500?
0
What is the thousands digit of 9947?
9
What is the units digit of 144?
4
What is the tens digit of 849?
4
What is the tens digit of 91?
9
What is the tens digit of 418?
1
What is the hundreds digit of 1278?
2
What is the units digit of 41651?
1
What is the units digit of 556?
6
What is the hundreds digit of 8180?
1
What is the hundreds digit of 41431?
4
What is the hundreds digit of 1586?
5
What is the units digit of 47?
7
What is the units digit of 1450?
0
What is the thousands digit of 1647?
1
What is the thousands digit of 2199?
2
What is the tens digit of 690?
9
What is the tens digit of 58516?
1
What is the units digit of 668?
8
What is the thousands digit of 4477?
4
What is the units digit of 510?
0
What is the units digit of 448?
8
What is the ten thousands digit of 36444?
3
What is the tens digit of 10730?
3
What is the tens digit of 197?
9
What is the units digit of 58726?
6
What is the tens digit of 423?
2
What is the tens digit of 120?
2
What is the thousands digit of 88449?
8
What is the units digit of 81?
1
What is the tens digit of 18?
1
What is the hundreds digit of 55350?
3
What is the units digit of 64632?
2
What is the hundreds digit of 5952?
9
What is the thousands digit of 30758?
0
What is the hundreds digit of 55166?
1
What is the thousands digit of 1738?
1
What is the tens digit of 7849?
4
What is the units digit of 1535?
5
What is the tens digit of 3447?
4
What is the units digit of 2916?
6
What is the hundreds digit of 1763?
7
What is the thousands digit of 8560?
8
What is the thousands digit of 70942?
0
What is the thousands digit of 26502?
6
What is the units digit of 1694?
4
What is the units digit of 14606?
6
What is the ten thousands digit of 32750?
3
What is the units digit of 3?
3
What is the thousands digit of 1013?
1
What is the tens digit of 7972?
7
What is the hundreds digit of 13111?
1
What is the ten thousands digit of 37603?
3
What is the hundreds digit of 918?
9
What is the thousands digit of 1699?
1
What is the ten thousands digit of 10191?
1
What is the tens digit of 72128?
2
What is the thousands digit of 54622?
4
What is the thousands digit of 38073?
8
What is the tens digit of 46129?
2
What is the tens digit of 5372?
7
What is the hundreds digit of 302?
3
What is the ten thousands digit of 33540?
3
What is the thousands digit of 2662?
2
What is the tens digit of 329?
2
What is the tens digit of 151232?
3
What is the tens digit of 159?
5
What is the thousands digit of 180745?
0
What is the ten thousands digit of 57134?
5
What is the hundreds digit of 89806?
8
What is the tens digit of 22011?
1
What is the ten thousands digit of 71055?
7
What is the ten thousands digit of 11783?
1
What is the thousands digit of 35836?
5
What is the units digit of 1367?
7
What is the units digit of 8772?
2
What is the units digit of 22301?
1
What is the units digit of 6228?
8
What is the hundreds digit of 89407?
4
What is the tens digit of 99448?
4
What is the units digit of 484?
4
What is the tens digit of 80552?
5
What is the hundreds digit of 6801?
8
What is the tens digit of 9029?
2
What is the tens digit of 31096?
9
What is the tens digit of 997?
9
What is the tens digit of 1184?
8
What is the tens digit of 396?
9
What is the units digit of 7035?
5
What is the tens digit of 16472?
7
What is the tens digit of 18387?
8
What is the units digit of 146?
6
What is the tens digit of 4821?
2
What is the thousands digit of 65502?
5
What is the thousands digit of 5573?
5
What is the hundreds digit of 550?
5
What is the hundreds digit of 623?
6
What is the units digit of 621?
1
What is the hundreds digit of 25643?
6
What is the hundreds digit of 1811?
8
What is the units digit of 5110?
0
What is the hundreds digit of 1367?
3
What is the tens digit of 55497?
9
What is the units digit of 9128?
8
What is the tens digit of 441?
4
What is the tens digit of 320?
2
What is the hundreds digit of 1131?
1
What is the units digit of 532?
2
What is the hundred